is the units digit of w?
9
What is the thousands digit of 2890 - (-7)/((-70)/(-50))?
2
Let g(u) = -2*u**3 + 5*u**2 + 5*u + 1. Let c be g(-2). Let o = 50 - c. What is the tens digit of o?
2
Let g = -361 + 1084. What is the tens digit of g?
2
Suppose 8*c + 3825 = 17*c. What is the hundreds digit of c?
4
Suppose -8 = -4*h - r, r = -5*h - 2*r + 10. Suppose -h*q - 36 + 44 = 0. What is the units digit of q?
4
Suppose 0 = -25*y + 125*y - 97800. What is the units digit of y?
8
Let h(p) = -72*p + 843. What is the tens digit of h(-47)?
2
Let g = 58 - -14. What is the units digit of g?
2
Suppose 2*x - w = 78, -2*w + 42 = x + 8. Let m = 38 + x. Let n = m - 43. What is the tens digit of n?
3
Suppose -5*t + h = -t - 2070, -h = -t + 519. Suppose t = 4*s + m, 0 = 3*s + m - 319 - 68. What is the hundreds digit of s?
1
Let c be 10 + -2 + 1 + -1. Suppose -7*g = -c*g + 4. Suppose g*v - 26 = -2*h, -4*v + 14 = -3*h + h. What is the units digit of h?
3
Let x(s) be the first derivative of s**4/12 - s**3/2 + 15*s**2/2 - 4*s + 2. Let q(j) be the first derivative of x(j). What is the units digit of q(6)?
3
Let m(h) = h + 3. Let c be m(0). Suppose -9*s - 300 = s. Let y = c - s. What is the units digit of y?
3
Let r = 80 - 74. Suppose -481 = r*t - 1171. What is the tens digit of t?
1
Let c(z) = z**3 + 13*z**2 - 5*z - 23. What is the tens digit of c(-11)?
7
Let n = -1014 - -1777. What is the hundreds digit of n?
7
Let c(b) be the third derivative of 11*b**4/8 - 29*b**3/3 + 16*b**2 - 2. What is the hundreds digit of c(11)?
3
Suppose -8*i - 19 = -67. What is the hundreds digit of 0 - -101 - 6/(i/(-1))?
1
Let h(b) = 12*b**2 - 8*b - 54. What is the hundreds digit of h(8)?
6
Suppose 3 = -p + 13. Suppose g = 5*m - p, 11 = g - m + 3*m. Let r(l) = 2*l**2 - 6*l - 5. What is the tens digit of r(g)?
1
Let x = -171 - -86. What is the units digit of x/15*-9 + 0?
1
What is the units digit of (-1)/(3/(-4386)) + 1?
3
Suppose 3*w - 536 = -5*h + 4*w, -4*w + 16 = 0. What is the hundreds digit of h?
1
Let l(c) = 2*c + 12. Let g be l(-9). Let q be ((-2)/g)/(1/6). Suppose 0 = q*i + 2*i - 92. What is the tens digit of i?
2
Suppose 4*o - 11 = 3*f, o + 3*f = 4 + 10. Suppose 51 - 216 = -o*i. Let d = -25 + i. What is the units digit of d?
8
Suppose 13*m - 5840 - 2454 = 0. What is the units digit of m?
8
Let d(c) = -8*c - 122. What is the units digit of d(-39)?
0
Let v(j) = 4*j**3 + j**2 + 2*j + 8. What is the units digit of v(4)?
8
Suppose 3*q = 4*d + 270 - 865, -5 = q. Let y = d + -87. What is the units digit of y?
8
Suppose o = -3*d - 13, o + 3 = -5*d - 22. Suppose 3*f - 4*f - 52 = 0. Let p = d - f. What is the units digit of p?
6
Suppose -4*w + 423 = -521. What is the units digit of w?
6
What is the hundreds digit of 24464/48 - (-10)/(-15)?
5
Let k be (-8)/8 + -1 + 2. Suppose 0 = -3*f - 3*h + 159, k*f + h = f - 47. What is the units digit of f?
0
Let n(l) = -11*l**2 - 2*l + 1. Let s(q) = -23*q**2 - 3*q + 1. Let r(x) = 5*n(x) - 2*s(x). Let w be r(2). Let j = w + 65. What is the tens digit of j?
2
Let o = -1709 + 2679. What is the hundreds digit of o?
9
Let v(y) = 5*y**2 - 14 - 36 + 17*y + 63. What is the units digit of v(-6)?
1
Let q be (-3)/(-4)*4 + 2. Suppose 0 = -i + 2*y - q - 2, -3*i + 3*y = 6. Suppose -i*c + 3 = 18, 5*c + 75 = 5*v. What is the tens digit of v?
1
Let x(r) = -54*r - 231. What is the units digit of x(-24)?
5
Let n(m) be the third derivative of -m**4/8 + 2*m**3/3 - 12*m**2. What is the tens digit of n(-11)?
3
Let b = 286 - 152. What is the hundreds digit of b?
1
Suppose -8*o - 857 = -3249. Suppose 53 = -b + o. What is the hundreds digit of b?
2
Let p(o) = -173*o + 1. Let a(g) = 432*g - 3. Let s(k) = -5*a(k) - 12*p(k). What is the tens digit of s(-1)?
8
Let f(j) = -31*j - 132. What is the hundreds digit of f(-18)?
4
Suppose -3*s + 1101 + 479 = 4*w, -2100 = -4*s - 2*w. What is the tens digit of s?
2
Suppose 26*k = 31*k - 15235. What is the units digit of k?
7
Suppose -4 = -3*u - 5*x, 3*u + 27 = 5*x + 71. Suppose 5*a + 72 = u*a. Let d = a - 21. What is the units digit of d?
3
Let p(c) = -815*c - 17. What is the hundreds digit of p(-2)?
6
Suppose -4*o - 8 = -4*v, 5*v = -5*o + 16 + 14. Let w be -74 + v + (-12)/3. Let u = 113 + w. What is the tens digit of u?
3
Suppose -o - 11 = -3*j, 3*o + 4*j = 2*j. Let i = o - -6. Suppose -36 = -4*z - i*u, u + 4 = z - 7. What is the units digit of z?
0
Let s be ((-352)/(-12))/((-4)/(-6)). Let p be 3/1 - (-9 + 9). What is the tens digit of s + (p - -1 - 1)?
4
Let p be 22/(-88) + 2/8*-439. Let b = p - -371. What is the tens digit of b?
6
Let t(g) be the second derivative of g**3/6 + 4*g**2 - g. Let h be t(-4). Suppose r - h*r = 5*n - 42, 6 = 2*r - 4*n. What is the units digit of r?
9
Let c be (-2 - (-3 + 1 + -1)) + 12. Suppose b + c = -r + 53, r = 3*b + 20. What is the units digit of r?
5
Suppose 0*w + 3*w = 699. Let u(h) = 245*h**2 - 3*h + h - w*h**2. What is the tens digit of u(2)?
4
Let n = 1595 + -786. What is the units digit of n?
9
Let k = 57 - 26. Let t = k - 12. What is the tens digit of t?
1
Suppose -849 - 921 = -3*t. What is the hundreds digit of t?
5
Let i(r) be the second derivative of r**5/20 - 4*r**4/3 + 35*r**3/6 - 14*r**2 + 16*r + 1. What is the units digit of i(14)?
0
Let b(n) = -20 + 34 + 11*n + 5 + n**2. What is the tens digit of b(-17)?
2
Let d = 7 + -10. Let h be 13 - (9/d)/(-1). What is the tens digit of (-2)/h - 378/(-15)?
2
Suppose 0 = -4*i - 0*i - 72. Let o be 3 + -2 + -2 + 49. Let v = o + i. What is the tens digit of v?
3
Let n(i) = i**2 + 3*i. Let y be n(-3). Suppose -5*a + 3*a + 107 = -5*w, 3*a - 2*w - 155 = y. Let z = a - 14. What is the units digit of z?
7
Let c be 2 - ((-4)/2 - -3). Let t be 0/(-6) + (-47 - c). Let p = t - -83. What is the units digit of p?
5
Let b(z) = -7*z + 4 + 5 + 10*z. Let k be b(-5). What is the units digit of k/(-33) - (-1118)/22?
1
Suppose 2*f + 18 = -f. Let m be 3/f*0 + 4. Suppose 27 = 2*a - 2*z + 3*z, m*z + 100 = 5*a. What is the tens digit of a?
1
Let s = -21 - -31. Suppose -3*g + s*g = 441. What is the units digit of g?
3
Let v = -15 + 31. Let g = v - -1. What is the units digit of g?
7
Suppose 0 = 2*q - 10, 14*a - 13*a - 4*q = 166. What is the units digit of a?
6
Suppose -4*s + 33 = 3*t, 2*t - 5*s = 5*t - 30. Suppose 5*q - 1030 = -t. What is the hundreds digit of q?
2
Let j = -305 + 700. What is the tens digit of j?
9
Suppose 0 = -r + 8 - 1. Suppose 5*f = r - 2, 4*j + 4*f - 20 = 0. What is the units digit of j?
4
Let u(k) = 87*k - 155. What is the tens digit of u(14)?
6
Let k = 27 + -23. What is the tens digit of 37*(k - 2) - 2?
7
Let x(c) = c**3 - 6*c**2 - 3*c + 4. Let i(j) = -2*j**3 + 13*j**2 + 5*j - 9. Let n(m) = -2*i(m) - 5*x(m). What is the tens digit of n(3)?
2
Suppose -7*f = 12 - 124. What is the units digit of f?
6
Let l = -14 - -14. Suppose l*g + g - 22 = -2*q, 3*q + 3*g - 30 = 0. Suppose -q - 45 = -3*k. What is the units digit of k?
9
Let z = -68 - -74. Suppose -z*y + 5*y = -13. What is the units digit of y?
3
Suppose -16*k - 3*n - 7116 = -19*k, -2*k + 4739 = -n. What is the units digit of k?
7
What is the tens digit of 326 - (12/3 - 5)?
2
Let o = 7 + 10. Let h = o - -16. What is the tens digit of h?
3
Suppose 3 = -n, -36 = d - 0*d + 5*n. Suppose -2*o + 2*p = 80, p = 5*o - o + 175. Let c = d - o. What is the units digit of c?
4
Let s = -51 + 112. Suppose 3*l - 61 = 14. Suppose -s = -2*y - l. What is the units digit of y?
8
Let o(c) = 10*c + 86. What is the units digit of o(6)?
6
Suppose 5*u - t = -1510 + 8769, 0 = 2*u - 2*t - 2910. What is the units digit of u?
1
Suppose c - 26 = -5*o, 0*o + c = 4*o - 28. Suppose 2*v + 42 = 2*j + o*v, 0 = 4*j - 3*v - 62. What is the tens digit of j?
1
Let q = 684 - 59. What is the units digit of q?
5
Suppose 0 = 4*z + 2*m - 1168, -4*z + 5*m + 555 = -641. What is the tens digit of z?
9
Let c(v) = -2*v + 30. Suppose -3*w + y - 21 = -2*y, -3*w - 5*y - 53 = 0. What is the units digit of c(w)?
2
What is the hundreds digit of -1 - (-10864)/6 - (-27)/81?
8
Suppose -65 - 15 = -5*q. Let p = 148 - 144. Let m = q + p. What is the tens digit of m?
2
Suppose 3*h + 2*y - 194 - 29 = 0, h - 3*y = 89. Suppose -5*g - 122 = 138. Let d = g + h. What is the tens digit of d?
2
Suppose 0 = f + 2*x - 15 - 1, -25 = -5*x. Let s be (-1 - -31)*f/9. Let i = s - 5. What is